 5762 and 3953?
67
Calculate the highest common factor of 13312 and 52736.
512
What is the highest common divisor of 76 and 164597?
19
Calculate the highest common divisor of 4751710 and 95.
95
Calculate the highest common factor of 1878040 and 116.
116
Calculate the greatest common factor of 11607 and 57399.
159
What is the greatest common divisor of 136 and 1336?
8
What is the highest common divisor of 23735 and 303?
101
Calculate the greatest common divisor of 5568 and 2880.
192
What is the highest common factor of 768 and 8772?
12
What is the greatest common divisor of 39113 and 2?
1
Calculate the highest common divisor of 564 and 9729.
141
What is the highest common divisor of 54 and 142434?
18
Calculate the greatest common factor of 1520 and 571235.
95
What is the greatest common divisor of 3402 and 11259?
81
Calculate the highest common factor of 18 and 22156.
2
Calculate the highest common divisor of 210865 and 362.
181
Calculate the highest common factor of 3120 and 42576.
48
What is the greatest common factor of 140664 and 168?
24
Calculate the greatest common divisor of 40704 and 96.
96
Calculate the highest common divisor of 23350 and 26152.
934
Calculate the highest common factor of 3999428 and 872.
436
Calculate the highest common factor of 24708 and 36.
12
Calculate the greatest common factor of 1856 and 2368.
64
Calculate the highest common factor of 33348 and 204.
12
Calculate the highest common factor of 152469 and 99.
9
What is the highest common divisor of 966448 and 14?
14
Calculate the highest common factor of 1184 and 1261552.
592
Calculate the highest common factor of 2720 and 4250.
170
Calculate the highest common factor of 191818 and 33.
11
What is the greatest common factor of 141 and 349257?
141
Calculate the greatest common factor of 120 and 21864.
24
Calculate the greatest common factor of 22 and 468765.
11
Calculate the highest common divisor of 40 and 2074820.
20
Calculate the greatest common divisor of 248 and 7496420.
124
Calculate the highest common divisor of 24 and 312132.
12
What is the highest common factor of 18 and 13327785?
9
What is the greatest common divisor of 12640 and 1?
1
Calculate the highest common divisor of 864 and 693.
9
Calculate the greatest common factor of 11620 and 21420.
140
What is the greatest common factor of 216 and 305262?
54
What is the highest common factor of 107526 and 6?
6
Calculate the highest common factor of 288 and 19368.
72
Calculate the highest common factor of 1904 and 45024.
112
Calculate the greatest common divisor of 46616 and 24.
8
Calculate the greatest common factor of 1126495 and 5.
5
Calculate the highest common divisor of 940740 and 30.
30
What is the highest common divisor of 77526 and 774?
18
What is the greatest common divisor of 25 and 4937600?
25
What is the highest common factor of 685 and 130561?
137
What is the greatest common divisor of 1026 and 978462?
342
Calculate the highest common divisor of 161004 and 12.
12
What is the highest common divisor of 935 and 56870?
55
Calculate the highest common divisor of 1000 and 56080.
40
Calculate the greatest common factor of 784 and 1055362.
98
Calculate the highest common factor of 47112 and 3952.
104
What is the greatest common factor of 140275 and 125?
25
Calculate the highest common factor of 5596 and 28.
4
What is the highest common factor of 13 and 12202034?
13
What is the greatest common divisor of 3363 and 23895?
177
Calculate the greatest common divisor of 108 and 454005.
27
Calculate the highest common factor of 258 and 503702.
86
Calculate the greatest common divisor of 35584 and 40.
8
What is the highest common factor of 184 and 304?
8
What is the highest common factor of 1071 and 29631?
357
Calculate the highest common divisor of 5761 and 7.
7
Calculate the greatest common divisor of 13133 and 21127.
571
Calculate the highest common divisor of 249 and 434837.
83
Calculate the highest common factor of 161 and 3197.
23
Calculate the highest common divisor of 5613608 and 182.
182
Calculate the greatest common divisor of 2292129 and 21.
21
What is the greatest common factor of 32 and 484?
4
Calculate the greatest common divisor of 128 and 306688.
128
What is the greatest common factor of 2610 and 27?
9
What is the highest common factor of 28548 and 4212?
468
What is the highest common factor of 26727 and 1812?
453
What is the greatest common factor of 9200 and 3700?
100
What is the greatest common divisor of 2747035 and 1315?
1315
What is the highest common factor of 179946 and 234?
234
Calculate the highest common factor of 17550 and 1650.
150
What is the greatest common factor of 30866 and 902?
22
What is the highest common factor of 111957 and 1809?
201
What is the highest common factor of 1017436 and 2352?
196
What is the highest common divisor of 28302 and 18?
6
Calculate the greatest common divisor of 1225 and 190169.
49
What is the highest common factor of 1056 and 5214?
66
Calculate the highest common factor of 83592 and 68.
4
Calculate the greatest common factor of 270475 and 1750.
25
Calculate the highest common divisor of 4652662 and 1582.
1582
Calculate the highest common factor of 750 and 2400.
150
What is the highest common factor of 356 and 4183?
89
Calculate the greatest common factor of 30 and 10176.
6
What is the highest common divisor of 4958 and 740?
74
What is the highest common factor of 504 and 34083?
63
What is the greatest common divisor of 411 and 287700?
411
Calculate the greatest common divisor of 800 and 226720.
160
What is the highest common factor of 297496 and 205?
41
What is the greatest common factor of 1745488 and 889?
127
What is the highest common factor of 1791228 and 24?
12
Calculate the greatest common divisor of 2288310 and 60.
30
What is the highest common factor of 1707270 and 30?
30
Calculate the greatest common divisor of 2523 and 57.
3
What is the highest common factor of 200134 and 726?
242
Calculate the highest common factor of 188 and 1444.
4
What is the greatest common factor of 1602 and 4450?
178
Calculate the highest common factor of 91670 and 8755.
515
What is the highest common divisor of 81 and 6542613?
81
Calculate the highest common divisor of 3555 and 178461.
711
Calculate the greatest common divisor of 342 and 873414.
18
Calculate the greatest common divisor of 39432 and 930.
186
What is the highest common factor of 648 and 716760?
72
Calculate the highest common factor of 118 and 482.
2
What is the highest common factor of 52 and 76778?
26
Calculate the highest common factor of 408976 and 16.
16
What is the greatest common factor of 69 and 816?
3
Calculate the greatest common divisor of 8631 and 252.
63
What is the highest common divisor of 283506 and 6?
6
What is the greatest common factor of 14525 and 913?
83
Calculate the highest common factor of 40 and 22760.
40
What is the greatest common factor of 120 and 239340?
60
Calculate the greatest common divisor of 3360 and 5520.
240
What is the highest common divisor of 3777554 and 44?
22
Calculate the highest common factor of 455722 and 92.
46
What is the highest common factor of 554632 and 416?
104
Calculate the greatest common factor of 1326 and 49368.
102
Calculate the greatest common divisor of 7 and 397.
1
Calculate the greatest common divisor of 471 and 61073.
157
Calculate the greatest common factor of 312 and 21128.
8
What is the highest common divisor of 288 and 760320?
288
Calculate the highest common divisor of 459 and 1641519.
27
Calculate the highest common factor of 211 and 69.
1
Calculate the greatest common factor of 355054 and 756.
14
What is the greatest common factor of 100782 and 198?
198
Calculate the highest common divisor of 686 and 57582.
14
Calculate the highest common factor of 3678 and 5893995.
1839
Calculate the greatest common factor of 29312 and 4.
4
Calculate the greatest common divisor of 354 and 750.
6
What is the highest common factor of 2418 and 23622?
186
What is the greatest common factor of 205 and 26814?
41
What is the highest common factor of 13948 and 2156?
44
What is the greatest common divisor of 353262 and 117?
39
Calculate the highest common factor of 1254 and 1617.
33
Calculate the highest common factor of 1545369 and 21.
21
Calculate the gre